{"id":114,"date":"2014-08-20T20:32:43","date_gmt":"2014-08-20T20:32:43","guid":{"rendered":"http:\/\/www.paroisse-saint-charles.fr\/?page_id=114"},"modified":"2021-02-02T17:40:12","modified_gmt":"2021-02-02T16:40:12","slug":"mariage","status":"publish","type":"page","link":"http:\/\/paroisse-saint-charles.fr\/WordPress3\/mariage\/","title":{"rendered":"Mariage"},"content":{"rendered":"<p style=\"text-align: justify;\">Vous d\u00e9sirez vous marier. Dieu se r\u00e9jouit de votre amour. L\u2019\u00c9glise vous accueille avec joie ! Le mariage est un sacrement qui engage pour la vie. C\u2019est pourquoi il faut y consacrer du temps, pendant plusieurs mois. La pr\u00e9paration au mariage consiste en une s\u00e9rie de rencontres avec un pr\u00eatre mais aussi avec des la\u00efcs.<\/p>\n<p style=\"text-align: justify;\">Cette pr\u00e9paration a pour but de pr\u00e9parer la c\u00e9r\u00e9monie, d&rsquo;approfondir le sens du v\u00e9ritable amour, des engagements du mariage chr\u00e9tien, de ce qu\u2019apporte le sacrement\u2026<\/p>\n<p style=\"text-align: justify;\">Quelle d\u00e9marche suivre ?<br \/>\nContacter un pr\u00eatre de la paroisse, au moins neuf mois avant la date du mariage pr\u00e9vu.<\/p>\n<p style=\"text-align: justify;\">Contact :<br \/>\nAbb\u00e9 Eloi Gillet &#8211; 06 74 65 73 51<br \/>\nAbb\u00e9 Vincent Marie-Jeanne &#8211; 07 62 08 89 82<\/p>\n","protected":false},"excerpt":{"rendered":"<p>Vous d\u00e9sirez vous marier. Dieu se r\u00e9jouit de votre amour. L\u2019\u00c9glise vous accueille avec joie ! Le mariage est un sacrement qui engage pour la vie. C\u2019est pourquoi il faut y consacrer du temps, pendant plusieurs mois. La pr\u00e9paration au&#8230;<br \/><a class=\"read-more-button\" href=\"http:\/\/paroisse-saint-charles.fr\/WordPress3\/mariage\/\">Savoir plus<\/a><\/p>\n","protected":false},"author":2,"featured_media":0,"parent":0,"menu_order":0,"comment_status":"closed","ping_status":"open","template":"","meta":{"footnotes":""},"class_list":["post-114","page","type-page","status-publish","hentry"],"_links":{"self":[{"href":"http:\/\/paroisse-saint-charles.fr\/WordPress3\/wp-json\/wp\/v2\/pages\/114","targetHints":{"allow":["GET"]}}],"collection":[{"href":"http:\/\/paroisse-saint-charles.fr\/WordPress3\/wp-json\/wp\/v2\/pages"}],"about":[{"href":"http:\/\/paroisse-saint-charles.fr\/WordPress3\/wp-json\/wp\/v2\/types\/page"}],"author":[{"embeddable":true,"href":"http:\/\/paroisse-saint-charles.fr\/WordPress3\/wp-json\/wp\/v2\/users\/2"}],"replies":[{"embeddable":true,"href":"http:\/\/paroisse-saint-charles.fr\/WordPress3\/wp-json\/wp\/v2\/comments?post=114"}],"version-history":[{"count":4,"href":"http:\/\/paroisse-saint-charles.fr\/WordPress3\/wp-json\/wp\/v2\/pages\/114\/revisions"}],"predecessor-version":[{"id":9259,"href":"http:\/\/paroisse-saint-charles.fr\/WordPress3\/wp-json\/wp\/v2\/pages\/114\/revisions\/9259"}],"wp:attachment":[{"href":"http:\/\/paroisse-saint-charles.fr\/WordPress3\/wp-json\/wp\/v2\/media?parent=114"}],"curies":[{"name":"wp","href":"https:\/\/api.w.org\/{rel}","templated":true}]}}

<p style="text-align: justify;">Vous désirez vous marier. Dieu se réjouit de votre amour. L’Église vous accueille avec joie ! Le mariage est un sacrement qui engage pour la vie. C’est pourquoi il faut y consacrer du temps, pendant plusieurs mois. La préparation au mariage consiste en une série de rencontres avec un prêtre mais aussi avec des laïcs.</p>
<p style="text-align: justify;">Cette préparation a pour but de préparer la cérémonie, d&rsquo;approfondir le sens du véritable amour, des engagements du mariage chrétien, de ce qu’apporte le sacrement…</p>
<p style="text-align: justify;">Quelle démarche suivre ?<br />
Contacter un prêtre de la paroisse, au moins neuf mois avant la date du mariage prévu.</p>
<p style="text-align: justify;">Contact :<br />
Abbé Eloi Gillet &#8211; 06 74 65 73 51<br />
Abbé Vincent Marie-Jeanne &#8211; 07 62 08 89 82</p>

<p>Vous désirez vous marier. Dieu se réjouit de votre amour. L’Église vous accueille avec joie ! Le mariage est un sacrement qui engage pour la vie. C’est pourquoi il faut y consacrer du temps, pendant plusieurs mois. La préparation au&#8230;<br /><a class="read-more-button" href="http://paroisse-saint-charles.fr/WordPress3/mariage/">Savoir plus</a></p>
