{"id":250,"date":"2014-09-18T19:52:37","date_gmt":"2014-09-18T19:52:37","guid":{"rendered":"http:\/\/www.paroisse-saint-charles.fr\/?page_id=250"},"modified":"2014-09-18T19:52:37","modified_gmt":"2014-09-18T19:52:37","slug":"funerailles","status":"publish","type":"page","link":"http:\/\/paroisse-saint-charles.fr\/WordPress3\/funerailles\/","title":{"rendered":"Fun\u00e9railles"},"content":{"rendered":"<p style=\"text-align: justify;\">L\u2019Eglise est pr\u00e9sente pour vous accompagner \u00e0 toutes les \u00e9tapes de la vie, m\u00eame les plus d\u00e9licates comme le passage dans la vie \u00e9ternelle. Il existe \u00e0 Marseille le Service Catholique des Fun\u00e9railles qui a \u00e0 c\u0153ur de vous aider dans la pr\u00e9paration de la c\u00e9r\u00e9monie des obs\u00e8ques.<\/p>\n<p style=\"text-align: justify;\"><a title=\"Service Catholique des Fun\u00e9railles Marseille\" href=\"http:\/\/marseille.s-c-f.org\" target=\"_blank\">Site Internet du Service Catholique des Fun\u00e9railles<\/a><\/p>\n","protected":false},"excerpt":{"rendered":"<p>L\u2019Eglise est pr\u00e9sente pour vous accompagner \u00e0 toutes les \u00e9tapes de la vie, m\u00eame les plus d\u00e9licates comme le passage dans la vie \u00e9ternelle. Il existe \u00e0 Marseille le Service Catholique des Fun\u00e9railles qui a \u00e0 c\u0153ur de vous aider&#8230;<br \/><a class=\"read-more-button\" href=\"http:\/\/paroisse-saint-charles.fr\/WordPress3\/funerailles\/\">Savoir plus<\/a><\/p>\n","protected":false},"author":2,"featured_media":0,"parent":0,"menu_order":0,"comment_status":"closed","ping_status":"open","template":"","meta":{"footnotes":""},"class_list":["post-250","page","type-page","status-publish","hentry"],"_links":{"self":[{"href":"http:\/\/paroisse-saint-charles.fr\/WordPress3\/wp-json\/wp\/v2\/pages\/250","targetHints":{"allow":["GET"]}}],"collection":[{"href":"http:\/\/paroisse-saint-charles.fr\/WordPress3\/wp-json\/wp\/v2\/pages"}],"about":[{"href":"http:\/\/paroisse-saint-charles.fr\/WordPress3\/wp-json\/wp\/v2\/types\/page"}],"author":[{"embeddable":true,"href":"http:\/\/paroisse-saint-charles.fr\/WordPress3\/wp-json\/wp\/v2\/users\/2"}],"replies":[{"embeddable":true,"href":"http:\/\/paroisse-saint-charles.fr\/WordPress3\/wp-json\/wp\/v2\/comments?post=250"}],"version-history":[{"count":1,"href":"http:\/\/paroisse-saint-charles.fr\/WordPress3\/wp-json\/wp\/v2\/pages\/250\/revisions"}],"predecessor-version":[{"id":251,"href":"http:\/\/paroisse-saint-charles.fr\/WordPress3\/wp-json\/wp\/v2\/pages\/250\/revisions\/251"}],"wp:attachment":[{"href":"http:\/\/paroisse-saint-charles.fr\/WordPress3\/wp-json\/wp\/v2\/media?parent=250"}],"curies":[{"name":"wp","href":"https:\/\/api.w.org\/{rel}","templated":true}]}}