{"id":7639,"date":"2020-02-10T15:49:54","date_gmt":"2020-02-10T14:49:54","guid":{"rendered":"http:\/\/www.paroisse-saint-charles.fr\/?page_id=7639"},"modified":"2021-09-10T20:48:15","modified_gmt":"2021-09-10T18:48:15","slug":"chorale-maj","status":"publish","type":"page","link":"http:\/\/paroisse-saint-charles.fr\/WordPress3\/service-base\/chorale-maj\/","title":{"rendered":"Chorale"},"content":{"rendered":"<style>\n#principal {<br \/>  display: flex;<br \/>  flex: 1;<br \/>  align-items:center;<br \/>  font-family: serif;<br \/>}<br \/><\/style>\n<style>\n#item{<br \/> text-align: justify;<br \/> flex:1;<br \/>}<br \/><\/style>\n<style>\n.allignimage{<br \/> margin-top:10px;<br \/> margin-right: 15px;<br \/> padding-top:20px;<br \/> padding-left: 20px;<br \/>}<br \/><\/style>\n<style>\n@media screen and (max-width: 575px) {<br \/>  #principal {<br \/>    display: block;<br \/>    padding:0px;<br \/>    margin: 0px;<br \/>  }<br \/>  #item{<br \/>    text-align: justify;<br \/>    margin-right: 15px;<\/p>\n<p> }<br \/>  .allignimage{<br \/>    margin-top: 10px;<br \/>    margin-right: 0px;<br \/>    padding-left: 0px;<br \/>    padding-top: 10px;<br \/> }<br \/>}<\/p>\n<\/style>\n<p><!-- corps de la page en flexbox responsive--><\/p>\n<div class=\"couleurintro ombre\" style=\"color: white; font-family: serif; padding-bottom: 10px; margin-bottom: 15px;\"><strong><em>Bien chanter, c&rsquo;est prier deux fois disait Saint Augustin<\/em><\/strong><\/div>\n<div id=\"principal\" class=\"container\">\n<p style=\"font-size: 16px; text-align: justify;\"><span class=\"lettrine\">L<\/span>a chorale de la paroisse Saint-Charles a pour mission\u00a0d\u2019embellir la sainte liturgie qui est c\u00e9l\u00e9br\u00e9e en latin, selon le missel de saint Jean XXIII. H\u00e9ritiers d\u2019une tradition bi-mill\u00e9naire, nous avons \u00e0 c\u0153ur de prier au moyen du chant propre de l\u2019Eglise romaine, le chant gr\u00e9gorien, qui a travers\u00e9 les \u00e2ges, \u00e9voluant avec la pri\u00e8re des hommes, louant et glorifiant Dieu. La schola chante donc le \u00ab propre de la messe \u00bb et les kyriales selon l\u2019antique tradition de l\u2019Eglise romaine.<\/p>\n<p style=\"font-size: 16px; text-align: justify;\"><span class=\"lettrine\">N<\/span>ous avons aussi \u00e0 c\u0153ur de faire vivre les r\u00e9pertoires polyphoniques des grands compositeurs de musique sacr\u00e9e (Palestrina, Byrd, Saint-Saens, Mozart, Bach, Haydn, Berghem et bien d\u2019autres encore\u2026)<\/p>\n<p style=\"font-size: 16px; text-align: justify;\"><span class=\"lettrine\">N<\/span>ous recrutons toujours de nouvelles voix : soprane et alti pour les femmes, t\u00e9nor et basse pour les hommes.<\/p>\n<p style=\"font-size: 16px; text-align: justify;\"><span class=\"lettrine\">L<\/span>es r\u00e9p\u00e9titions ont lieu\u00a0tous les jeudis soir de 20h \u00e0 22h et les dimanches \u00e0 partir de 9h45 (dans la sacristie).<\/p>\n<hr \/>\n<div style=\"font-size: 16px;\"><span class=\"lettrine\">C<\/span>ontact :<br \/>\n&#8211; Bibiane Paul pour le ch\u0153ur polyphonique : 06 16 35 58 75.<\/div>\n<p><img loading=\"lazy\" decoding=\"async\" class=\"alignnone size-medium wp-image-8456 ombre\" src=\"http:\/\/paroisse-saint-charles.fr\/WordPress3\/wp-content\/uploads\/2020\/06\/Chorale-300x201.png\" alt=\"\" width=\"300\" height=\"201\" data-id=\"8456\" srcset=\"http:\/\/paroisse-saint-charles.fr\/WordPress3\/wp-content\/uploads\/2020\/06\/Chorale-300x201.png 300w, http:\/\/paroisse-saint-charles.fr\/WordPress3\/wp-content\/uploads\/2020\/06\/Chorale-1024x685.png 1024w, http:\/\/paroisse-saint-charles.fr\/WordPress3\/wp-content\/uploads\/2020\/06\/Chorale-768x513.png 768w, http:\/\/paroisse-saint-charles.fr\/WordPress3\/wp-content\/uploads\/2020\/06\/Chorale-320x213.png 320w, http:\/\/paroisse-saint-charles.fr\/WordPress3\/wp-content\/uploads\/2020\/06\/Chorale-956x639.png 956w, http:\/\/paroisse-saint-charles.fr\/WordPress3\/wp-content\/uploads\/2020\/06\/Chorale-196x131.png 196w, http:\/\/paroisse-saint-charles.fr\/WordPress3\/wp-content\/uploads\/2020\/06\/Chorale-148x100.png 148w, http:\/\/paroisse-saint-charles.fr\/WordPress3\/wp-content\/uploads\/2020\/06\/Chorale-156x104.png 156w, http:\/\/paroisse-saint-charles.fr\/WordPress3\/wp-content\/uploads\/2020\/06\/Chorale-272x182.png 272w, http:\/\/paroisse-saint-charles.fr\/WordPress3\/wp-content\/uploads\/2020\/06\/Chorale.png 1300w\" sizes=\"auto, (max-width: 300px) 100vw, 300px\" \/><!--fin du corps de la page en flexbox responsive--><\/p>\n<p><!--d\u00e9but du formulaire d'inscription--><\/p>\n<p><!--fin du corps de la page en flexbox responsive--><\/p>\n<\/div>\n","protected":false},"excerpt":{"rendered":"<p>Bien chanter, c&rsquo;est prier deux fois disait Saint Augustin La chorale de la paroisse Saint-Charles a pour mission\u00a0d\u2019embellir la sainte liturgie qui est c\u00e9l\u00e9br\u00e9e en latin, selon le missel de saint Jean XXIII. H\u00e9ritiers d\u2019une tradition bi-mill\u00e9naire, nous avons \u00e0&#8230;<br \/><a class=\"read-more-button\" href=\"http:\/\/paroisse-saint-charles.fr\/WordPress3\/service-base\/chorale-maj\/\">Savoir plus<\/a><\/p>\n","protected":false},"author":9,"featured_media":0,"parent":7285,"menu_order":0,"comment_status":"closed","ping_status":"closed","template":"template-full-width.php","meta":{"footnotes":""},"class_list":["post-7639","page","type-page","status-publish","hentry"],"_links":{"self":[{"href":"http:\/\/paroisse-saint-charles.fr\/WordPress3\/wp-json\/wp\/v2\/pages\/7639","targetHints":{"allow":["GET"]}}],"collection":[{"href":"http:\/\/paroisse-saint-charles.fr\/WordPress3\/wp-json\/wp\/v2\/pages"}],"about":[{"href":"http:\/\/paroisse-saint-charles.fr\/WordPress3\/wp-json\/wp\/v2\/types\/page"}],"author":[{"embeddable":true,"href":"http:\/\/paroisse-saint-charles.fr\/WordPress3\/wp-json\/wp\/v2\/users\/9"}],"replies":[{"embeddable":true,"href":"http:\/\/paroisse-saint-charles.fr\/WordPress3\/wp-json\/wp\/v2\/comments?post=7639"}],"version-history":[{"count":78,"href":"http:\/\/paroisse-saint-charles.fr\/WordPress3\/wp-json\/wp\/v2\/pages\/7639\/revisions"}],"predecessor-version":[{"id":9550,"href":"http:\/\/paroisse-saint-charles.fr\/WordPress3\/wp-json\/wp\/v2\/pages\/7639\/revisions\/9550"}],"up":[{"embeddable":true,"href":"http:\/\/paroisse-saint-charles.fr\/WordPress3\/wp-json\/wp\/v2\/pages\/7285"}],"wp:attachment":[{"href":"http:\/\/paroisse-saint-charles.fr\/WordPress3\/wp-json\/wp\/v2\/media?parent=7639"}],"curies":[{"name":"wp","href":"https:\/\/api.w.org\/{rel}","templated":true}]}}