{"id":89,"date":"2014-08-20T20:26:37","date_gmt":"2014-08-20T20:26:37","guid":{"rendered":"http:\/\/www.paroisse-saint-charles.fr\/?page_id=89"},"modified":"2020-01-13T10:48:32","modified_gmt":"2020-01-13T09:48:32","slug":"panier-cure","status":"publish","type":"page","link":"http:\/\/paroisse-saint-charles.fr\/WordPress3\/panier-cure\/","title":{"rendered":"Panier du cur\u00e9"},"content":{"rendered":"<p style=\"text-align: justify;\">Vous souhaitez aider mat\u00e9riellement vos pr\u00eatres ? Participez au \u00ab\u00a0Panier du cur\u00e9\u00a0\u00bb ! Cette aide consiste \u00e0 livrer \u00e0 l&rsquo;\u00e9glise Saint-Charles un repas pour trois personnes. Les jours et les repas qui nous soulageraient le plus sont indiqu\u00e9s sur la grille que vous trouverez en <a href=\"https:\/\/docs.google.com\/spreadsheets\/d\/1A0dVrYHIl4domcCYr3ckLQBq0t3KD9GSE8WoeSY-WfQ\/edit#gid=0\">cliquant ici<\/a>.<\/p>\n<p style=\"text-align: justify;\">Il s&rsquo;agit d&rsquo;un document partag\u00e9 : il vous suffit de mettre votre nom et les modifications s&rsquo;enregistrent automatiquement.<\/p>\n<p style=\"text-align: justify;\">Afin que ce service ne p\u00e8se pas trop, permettez-nous\u00a0quelques pr\u00e9cisions. Le but de ce service est avant tout de nous faire gagner du temps en plus de r\u00e9aliser une certaine \u00e9conomie. Donc n\u2019h\u00e9sitez pas \u00e0 faire des choses simples\u00a0: entr\u00e9e, plat, dessert. Il n\u2019est pas n\u00e9cessaire de faire de la grande cuisine. Si vous n\u2019avez pas le temps ou pas le talent, rassurez-vous, un sachet de salade, une conserve ou des surgel\u00e9s nous conviennent parfaitement. Inutile de mettre pain, fromage et vin. Quelques fruits ou quelques yaourts en dessert feront tr\u00e8s bien l\u2019affaire, des g\u00e2teaux cuisin\u00e9s ne sont pas requis\u00a0!<\/p>\n<p style=\"text-align: justify;\">Vous pouvez nous apporter le repas quand vous le d\u00e9sirez, nous avons un cong\u00e9lateur si besoin et nous avons de quoi r\u00e9chauffer. Si l\u2019\u00e9glise est ferm\u00e9e, n\u2019h\u00e9sitez pas \u00e0 nous appeler au 06 74 65 73 51 (abb\u00e9 Gillet) ou au 07 62 08 89 82 (abb\u00e9 Vincent Marie-Jeanne) ou au\u00a007 68 99 51 30 (Fr\u00e8re Etienne).<\/p>\n<p style=\"text-align: justify;\">Vous pourrez r\u00e9cup\u00e9rer vos plats \u00e0 la sacristie le dimanche suivant, l\u2019id\u00e9al \u00e9tant d\u2019utiliser des barquettes en aluminium jetables.<\/p>\n<p style=\"text-align: justify;\">Un immense merci pour ce service.<\/p>\n<p style=\"text-align: justify;\">En vous assurant de nos pri\u00e8res.<\/p>\n<p style=\"text-align: justify;\">Abb\u00e9 Eloi Gillet<br \/>\nAbb\u00e9\u00a0Vincent Marie-Jeanne<br \/>\nFr\u00e8re Etienne<\/p>\n","protected":false},"excerpt":{"rendered":"<p>Vous souhaitez aider mat\u00e9riellement vos pr\u00eatres ? Participez au \u00ab\u00a0Panier du cur\u00e9\u00a0\u00bb ! Cette aide consiste \u00e0 livrer \u00e0 l&rsquo;\u00e9glise Saint-Charles un repas pour trois personnes. Les jours et les repas qui nous soulageraient le plus sont indiqu\u00e9s sur la&#8230;<br \/><a class=\"read-more-button\" href=\"http:\/\/paroisse-saint-charles.fr\/WordPress3\/panier-cure\/\">Savoir plus<\/a><\/p>\n","protected":false},"author":2,"featured_media":0,"parent":0,"menu_order":0,"comment_status":"closed","ping_status":"open","template":"","meta":{"footnotes":""},"class_list":["post-89","page","type-page","status-publish","hentry"],"_links":{"self":[{"href":"http:\/\/paroisse-saint-charles.fr\/WordPress3\/wp-json\/wp\/v2\/pages\/89","targetHints":{"allow":["GET"]}}],"collection":[{"href":"http:\/\/paroisse-saint-charles.fr\/WordPress3\/wp-json\/wp\/v2\/pages"}],"about":[{"href":"http:\/\/paroisse-saint-charles.fr\/WordPress3\/wp-json\/wp\/v2\/types\/page"}],"author":[{"embeddable":true,"href":"http:\/\/paroisse-saint-charles.fr\/WordPress3\/wp-json\/wp\/v2\/users\/2"}],"replies":[{"embeddable":true,"href":"http:\/\/paroisse-saint-charles.fr\/WordPress3\/wp-json\/wp\/v2\/comments?post=89"}],"version-history":[{"count":30,"href":"http:\/\/paroisse-saint-charles.fr\/WordPress3\/wp-json\/wp\/v2\/pages\/89\/revisions"}],"predecessor-version":[{"id":7259,"href":"http:\/\/paroisse-saint-charles.fr\/WordPress3\/wp-json\/wp\/v2\/pages\/89\/revisions\/7259"}],"wp:attachment":[{"href":"http:\/\/paroisse-saint-charles.fr\/WordPress3\/wp-json\/wp\/v2\/media?parent=89"}],"curies":[{"name":"wp","href":"https:\/\/api.w.org\/{rel}","templated":true}]}}