{"id":1037,"date":"2015-09-17T22:46:34","date_gmt":"2015-09-17T20:46:34","guid":{"rendered":"http:\/\/www.paroisse-saint-charles.fr\/?page_id=1037"},"modified":"2020-08-18T17:53:21","modified_gmt":"2020-08-18T15:53:21","slug":"soiree-misericorde","status":"publish","type":"page","link":"https:\/\/paroisse-saint-charles.fr\/WordPress3\/soiree-misericorde\/","title":{"rendered":"Soir\u00e9e Mis\u00e9ricorde"},"content":{"rendered":"<p style=\"text-align: justify; font-size:16px;\"><span class=\"lettrine\">L<\/span>a paroisse Saint-Charles &#8211;\u00a0en cette ann\u00e9e de la Mis\u00e9ricorde voulue par le Pape Fran\u00e7ois &#8211; vous invite \u00e0 vivre de cette Mis\u00e9ricorde en participant aux Soir\u00e9es Mis\u00e9ricorde. <strong>Tous les premiers vendredis du mois<\/strong>, une soir\u00e9e de pri\u00e8re est propos\u00e9e. Elle commence par la messe \u00e0 18h, suivie d&rsquo;une adoration du Saint-Sacrement jusqu&rsquo;\u00e0 22h, avec les complies, un temps d&rsquo;enseignement sur la Mis\u00e9ricorde, puis la r\u00e9citation du chapelet de la Mis\u00e9ricorde. Il y a possibilit\u00e9 de se confesser tout au long de l&rsquo;adoration apr\u00e8s les complies.<\/p>\n<p style=\"text-align: justify;font-size:16px;\"><span class=\"lettrine\">C<\/span>ette spiritualit\u00e9 de la Mis\u00e9ricorde r\u00e9v\u00e9l\u00e9e \u00e0\u00a0Sainte Faustine est en parfaite continuit\u00e9 avec la d\u00e9votion au Sacr\u00e9-Coeur r\u00e9v\u00e9l\u00e9e \u00e0 Sainte Marguerite Marie.<\/p>\n<p style=\"text-align: justify;font-size:16px;\"><em><strong>Notre Seigneur a fait les douze promesses suivantes \u00e0 sainte Marguerite Marie afin d&rsquo;encourager la vraie d\u00e9votion au Sacr\u00e9 C\u0153ur de J\u00e9sus qui est \u00e9galement la d\u00e9votion au Saint-Sacrement. Ces promesses sont octroy\u00e9es sur ceux qui sont pr\u00eats \u00e0 vivre une heure avec J\u00e9sus dans le Saint-Sacrement r\u00e9guli\u00e8rement dans l&rsquo;Adoration<\/strong><\/em><\/p>\n<blockquote>\n<p style=\"text-align: justify; font-size:16px;\">1. Je leur donnerai toutes les gr\u00e2ces n\u00e9cessaires dans leur \u00e9tat.<br \/>\n2. Je mettrai la paix dans leur famille.<br \/>\n3. Je les consolerai dans toutes leurs peines.<br \/>\n4. Je serai leur refuge assur\u00e9 pendant la vie et surtout \u00e0 la mort.<br \/>\n5. Je r\u00e9pandrai d&rsquo;abondantes b\u00e9n\u00e9dictions sur toutes leurs entreprises.<br \/>\n6. Les p\u00e9cheurs trouveront dans mon C\u0153ur la source et l&rsquo;oc\u00e9an infini de la mis\u00e9ricorde.<br \/>\n7. Les \u00e2mes ti\u00e8des deviendront ferventes.<br \/>\n8. Les \u00e2mes ferventes s&rsquo;\u00e9l\u00e8veront \u00e0 une grande perfection.<br \/>\n9. Je b\u00e9nirai m\u00eame les maisons o\u00f9 l&rsquo;image de mon C\u0153ur sera expos\u00e9e et honor\u00e9e.<br \/>\n10. Je donnerai aux pr\u00eatres le talent de toucher les c\u0153urs les plus endurcis.<br \/>\n11. Les personnes qui propageront cette d\u00e9votion auront leur nom \u00e9crit dans mon C\u0153ur, et il n&rsquo;en sera jamais effac\u00e9.<br \/>\n12. <strong>Je te promets, dans l&rsquo;exc\u00e8s de la mis\u00e9ricorde de mon C\u0153ur, que mon amour tout puissant accordera \u00e0 tous ceux qui communieront les premiers vendredis, neuf fois de suite, la gr\u00e2ce de la p\u00e9nitence finale, qu&rsquo;ils ne mourront point dans ma disgr\u00e2ce, ni sans recevoir les sacrements, et que mon C\u0153ur se rendra leur asile assur\u00e9 \u00e0 cette heure derni\u00e8re<\/strong>.<\/p>\n<\/blockquote>\n<p style=\"text-align: justify;font-size:16px;\"><span class=\"lettrine\">L<\/span>es dates des soir\u00e9es Mis\u00e9ricorde sont donc les vendredis 7 septembre, 5 octobre, 2 novembre, 7 d\u00e9cembre, 4 janvier, 1er f\u00e9vrier, 1er mars, 5 avril, 3 mai et 7 juin.<\/p>\n<p style=\"text-align: justify;font-size:16px;\"><span class=\"lettrine\">P<\/span>our approfondir la <a href=\"http:\/\/misericordedivine.fr\/-Spiritualite-\">spiritualit\u00e9 de la Mis\u00e9ricorde<\/a>.<\/p>\n","protected":false},"excerpt":{"rendered":"<p>La paroisse Saint-Charles &#8211;\u00a0en cette ann\u00e9e de la Mis\u00e9ricorde voulue par le Pape Fran\u00e7ois &#8211; vous invite \u00e0 vivre de cette Mis\u00e9ricorde en participant aux Soir\u00e9es Mis\u00e9ricorde. Tous les premiers vendredis du mois, une soir\u00e9e de pri\u00e8re est propos\u00e9e. Elle&#8230;<br \/><a class=\"read-more-button\" href=\"https:\/\/paroisse-saint-charles.fr\/WordPress3\/soiree-misericorde\/\">Savoir plus<\/a><\/p>\n","protected":false},"author":4,"featured_media":0,"parent":0,"menu_order":0,"comment_status":"closed","ping_status":"closed","template":"template-full-width.php","meta":{"footnotes":""},"class_list":["post-1037","page","type-page","status-publish","hentry"],"_links":{"self":[{"href":"https:\/\/paroisse-saint-charles.fr\/WordPress3\/wp-json\/wp\/v2\/pages\/1037","targetHints":{"allow":["GET"]}}],"collection":[{"href":"https:\/\/paroisse-saint-charles.fr\/WordPress3\/wp-json\/wp\/v2\/pages"}],"about":[{"href":"https:\/\/paroisse-saint-charles.fr\/WordPress3\/wp-json\/wp\/v2\/types\/page"}],"author":[{"embeddable":true,"href":"https:\/\/paroisse-saint-charles.fr\/WordPress3\/wp-json\/wp\/v2\/users\/4"}],"replies":[{"embeddable":true,"href":"https:\/\/paroisse-saint-charles.fr\/WordPress3\/wp-json\/wp\/v2\/comments?post=1037"}],"version-history":[{"count":8,"href":"https:\/\/paroisse-saint-charles.fr\/WordPress3\/wp-json\/wp\/v2\/pages\/1037\/revisions"}],"predecessor-version":[{"id":8861,"href":"https:\/\/paroisse-saint-charles.fr\/WordPress3\/wp-json\/wp\/v2\/pages\/1037\/revisions\/8861"}],"wp:attachment":[{"href":"https:\/\/paroisse-saint-charles.fr\/WordPress3\/wp-json\/wp\/v2\/media?parent=1037"}],"curies":[{"name":"wp","href":"https:\/\/api.w.org\/{rel}","templated":true}]}}