{"id":300,"date":"2014-09-20T08:55:03","date_gmt":"2014-09-20T08:55:03","guid":{"rendered":"http:\/\/www.paroisse-saint-charles.fr\/?page_id=300"},"modified":"2014-09-25T20:09:13","modified_gmt":"2014-09-25T20:09:13","slug":"garderie","status":"publish","type":"page","link":"https:\/\/paroisse-saint-charles.fr\/WordPress3\/garderie\/","title":{"rendered":"Garderie"},"content":{"rendered":"<p style=\"text-align: justify;\">Compte tenu du d\u00e9veloppement de la paroisse Saint-Charles et pour r\u00e9pondre \u00e0 la demande de nombreux jeunes parents, il nous a paru opportun de mettre en place une garderie pour les petits enfants. Ce service est propos\u00e9 uniquement pour la messe dominicale de 10h30 et ceci afin de permettre un plus grand recueillement de tous pendant la grand-messe.<\/p>\n<p style=\"text-align: justify;\">N\u2019h\u00e9sitez pas \u00e0 d\u00e9poser votre (ou vos) enfant(s) \u00e0 partir de 10h20 \u00e0 la sacristie.<br \/>\nUne cotisation d\u2019un euro (1\u20ac) par enfant sera demand\u00e9e pour ce service.<\/p>\n<p style=\"text-align: justify;\">\n","protected":false},"excerpt":{"rendered":"<p>Compte tenu du d\u00e9veloppement de la paroisse Saint-Charles et pour r\u00e9pondre \u00e0 la demande de nombreux jeunes parents, il nous a paru opportun de mettre en place une garderie pour les petits enfants. Ce service est propos\u00e9 uniquement pour la&#8230;<br \/><a class=\"read-more-button\" href=\"https:\/\/paroisse-saint-charles.fr\/WordPress3\/garderie\/\">Savoir plus<\/a><\/p>\n","protected":false},"author":2,"featured_media":0,"parent":0,"menu_order":0,"comment_status":"closed","ping_status":"open","template":"","meta":{"footnotes":""},"class_list":["post-300","page","type-page","status-publish","hentry"],"_links":{"self":[{"href":"https:\/\/paroisse-saint-charles.fr\/WordPress3\/wp-json\/wp\/v2\/pages\/300","targetHints":{"allow":["GET"]}}],"collection":[{"href":"https:\/\/paroisse-saint-charles.fr\/WordPress3\/wp-json\/wp\/v2\/pages"}],"about":[{"href":"https:\/\/paroisse-saint-charles.fr\/WordPress3\/wp-json\/wp\/v2\/types\/page"}],"author":[{"embeddable":true,"href":"https:\/\/paroisse-saint-charles.fr\/WordPress3\/wp-json\/wp\/v2\/users\/2"}],"replies":[{"embeddable":true,"href":"https:\/\/paroisse-saint-charles.fr\/WordPress3\/wp-json\/wp\/v2\/comments?post=300"}],"version-history":[{"count":3,"href":"https:\/\/paroisse-saint-charles.fr\/WordPress3\/wp-json\/wp\/v2\/pages\/300\/revisions"}],"predecessor-version":[{"id":315,"href":"https:\/\/paroisse-saint-charles.fr\/WordPress3\/wp-json\/wp\/v2\/pages\/300\/revisions\/315"}],"wp:attachment":[{"href":"https:\/\/paroisse-saint-charles.fr\/WordPress3\/wp-json\/wp\/v2\/media?parent=300"}],"curies":[{"name":"wp","href":"https:\/\/api.w.org\/{rel}","templated":true}]}}

<p style="text-align: justify;">Compte tenu du développement de la paroisse Saint-Charles et pour répondre à la demande de nombreux jeunes parents, il nous a paru opportun de mettre en place une garderie pour les petits enfants. Ce service est proposé uniquement pour la messe dominicale de 10h30 et ceci afin de permettre un plus grand recueillement de tous pendant la grand-messe.</p>
<p style="text-align: justify;">N’hésitez pas à déposer votre (ou vos) enfant(s) à partir de 10h20 à la sacristie.<br />
Une cotisation d’un euro (1€) par enfant sera demandée pour ce service.</p>
<p style="text-align: justify;">

<p>Compte tenu du développement de la paroisse Saint-Charles et pour répondre à la demande de nombreux jeunes parents, il nous a paru opportun de mettre en place une garderie pour les petits enfants. Ce service est proposé uniquement pour la&#8230;<br /><a class="read-more-button" href="https://paroisse-saint-charles.fr/WordPress3/garderie/">Savoir plus</a></p>
