{"id":75,"date":"2014-08-20T20:24:08","date_gmt":"2014-08-20T20:24:08","guid":{"rendered":"http:\/\/www.paroisse-saint-charles.fr\/?page_id=75"},"modified":"2023-11-25T10:35:30","modified_gmt":"2023-11-25T09:35:30","slug":"service-de-l-autel","status":"publish","type":"page","link":"https:\/\/paroisse-saint-charles.fr\/WordPress3\/service-de-l-autel\/","title":{"rendered":"Le service de l&rsquo;autel"},"content":{"rendered":"<p style=\"text-align: justify;\"><a href=\"http:\/\/paroisse-saint-charles.fr\/WordPress3\/wp-content\/uploads\/2023\/11\/PHOTO-2023-07-02-14-50-02.jpg\"><img loading=\"lazy\" decoding=\"async\" class=\"wp-image-10244 aligncenter\" src=\"http:\/\/paroisse-saint-charles.fr\/WordPress3\/wp-content\/uploads\/2023\/11\/PHOTO-2023-07-02-14-50-02-300x205.jpg\" alt=\"\" width=\"587\" height=\"401\" data-id=\"10244\" srcset=\"https:\/\/paroisse-saint-charles.fr\/WordPress3\/wp-content\/uploads\/2023\/11\/PHOTO-2023-07-02-14-50-02-300x205.jpg 300w, https:\/\/paroisse-saint-charles.fr\/WordPress3\/wp-content\/uploads\/2023\/11\/PHOTO-2023-07-02-14-50-02-1024x699.jpg 1024w, https:\/\/paroisse-saint-charles.fr\/WordPress3\/wp-content\/uploads\/2023\/11\/PHOTO-2023-07-02-14-50-02-768x524.jpg 768w, https:\/\/paroisse-saint-charles.fr\/WordPress3\/wp-content\/uploads\/2023\/11\/PHOTO-2023-07-02-14-50-02-956x653.jpg 956w, https:\/\/paroisse-saint-charles.fr\/WordPress3\/wp-content\/uploads\/2023\/11\/PHOTO-2023-07-02-14-50-02-148x100.jpg 148w, https:\/\/paroisse-saint-charles.fr\/WordPress3\/wp-content\/uploads\/2023\/11\/PHOTO-2023-07-02-14-50-02.jpg 1512w\" sizes=\"auto, (max-width: 587px) 100vw, 587px\" \/><\/a>Les servants de ch\u0153ur de Saint-Charles sont encadr\u00e9s par deux pr\u00eatres des Missionnaires de la Mis\u00e9ricorde Divine.<\/p>\n<p style=\"text-align: justify;\">Tout gar\u00e7on de plus de 7 ans ayant fait sa premi\u00e8re communion peut devenir enfant de ch\u0153ur, et contribuer ainsi \u00e0 la beaut\u00e9 de la liturgie.<\/p>\n<p style=\"text-align: justify;\">Servir la messe permet une participation active, non seulement par les gestes pos\u00e9s, mais \u00e9galement parce que dans le ch\u0153ur le gar\u00e7on est au plus proche du myst\u00e8re, et peut ainsi davantage y porter son attention. En outre, en servant la messe dignement, l\u2019enfant contribue \u00e0 l\u2019assistance recueillie des fid\u00e8les et \u00e0 une meilleure compr\u00e9hension de l\u2019action liturgique. Enfin, le service de messe fait-il m\u00fbrir le d\u00e9sir de devenir un saint et favorise-t-il la d\u00e9couverte d\u2019une vocation \u00e0 servir le Christ.<\/p>\n<p style=\"text-align: justify;\">Pour cela, les temps de formation sont n\u00e9cessaires. C\u2019est pourquoi des r\u00e9p\u00e9titions d\u2019une heure ont lieu \u00e0 raison d\u2019une fois par mois environ, le samedi apr\u00e8s-midi. Des sorties \u00e0 port\u00e9e ludique sont organis\u00e9es chaque trimestre afin de favoriser la coh\u00e9sion du groupe. Il est demand\u00e9 \u00e0 chaque servant d\u2019arriver le dimanche pour la grand-messe au minimum un quart d\u2019heure avant le d\u00e9but, afin de se pr\u00e9parer convenablement aussi bien mat\u00e9riellement que spirituellement.<\/p>\n<p style=\"text-align: justify;\">Contact :<br \/>\nAbb\u00e9 Eloi Gillet &#8211; 06 74 65 73 51<\/p>\n","protected":false},"excerpt":{"rendered":"<p>Les servants de ch\u0153ur de Saint-Charles sont encadr\u00e9s par deux pr\u00eatres des Missionnaires de la Mis\u00e9ricorde Divine. Tout gar\u00e7on de plus de 7 ans ayant fait sa premi\u00e8re communion peut devenir enfant de ch\u0153ur, et contribuer ainsi \u00e0 la beaut\u00e9&#8230;<br \/><a class=\"read-more-button\" href=\"https:\/\/paroisse-saint-charles.fr\/WordPress3\/service-de-l-autel\/\">Savoir plus<\/a><\/p>\n","protected":false},"author":2,"featured_media":0,"parent":0,"menu_order":0,"comment_status":"closed","ping_status":"open","template":"","meta":{"footnotes":""},"class_list":["post-75","page","type-page","status-publish","hentry"],"_links":{"self":[{"href":"https:\/\/paroisse-saint-charles.fr\/WordPress3\/wp-json\/wp\/v2\/pages\/75","targetHints":{"allow":["GET"]}}],"collection":[{"href":"https:\/\/paroisse-saint-charles.fr\/WordPress3\/wp-json\/wp\/v2\/pages"}],"about":[{"href":"https:\/\/paroisse-saint-charles.fr\/WordPress3\/wp-json\/wp\/v2\/types\/page"}],"author":[{"embeddable":true,"href":"https:\/\/paroisse-saint-charles.fr\/WordPress3\/wp-json\/wp\/v2\/users\/2"}],"replies":[{"embeddable":true,"href":"https:\/\/paroisse-saint-charles.fr\/WordPress3\/wp-json\/wp\/v2\/comments?post=75"}],"version-history":[{"count":9,"href":"https:\/\/paroisse-saint-charles.fr\/WordPress3\/wp-json\/wp\/v2\/pages\/75\/revisions"}],"predecessor-version":[{"id":10248,"href":"https:\/\/paroisse-saint-charles.fr\/WordPress3\/wp-json\/wp\/v2\/pages\/75\/revisions\/10248"}],"wp:attachment":[{"href":"https:\/\/paroisse-saint-charles.fr\/WordPress3\/wp-json\/wp\/v2\/media?parent=75"}],"curies":[{"name":"wp","href":"https:\/\/api.w.org\/{rel}","templated":true}]}}

<p style="text-align: justify;"><a href="http://paroisse-saint-charles.fr/WordPress3/wp-content/uploads/2023/11/PHOTO-2023-07-02-14-50-02.jpg"><img loading="lazy" decoding="async" class="wp-image-10244 aligncenter" src="http://paroisse-saint-charles.fr/WordPress3/wp-content/uploads/2023/11/PHOTO-2023-07-02-14-50-02-300x205.jpg" alt="" width="587" height="401" data-id="10244" srcset="https://paroisse-saint-charles.fr/WordPress3/wp-content/uploads/2023/11/PHOTO-2023-07-02-14-50-02-300x205.jpg 300w, https://paroisse-saint-charles.fr/WordPress3/wp-content/uploads/2023/11/PHOTO-2023-07-02-14-50-02-1024x699.jpg 1024w, https://paroisse-saint-charles.fr/WordPress3/wp-content/uploads/2023/11/PHOTO-2023-07-02-14-50-02-768x524.jpg 768w, https://paroisse-saint-charles.fr/WordPress3/wp-content/uploads/2023/11/PHOTO-2023-07-02-14-50-02-956x653.jpg 956w, https://paroisse-saint-charles.fr/WordPress3/wp-content/uploads/2023/11/PHOTO-2023-07-02-14-50-02-148x100.jpg 148w, https://paroisse-saint-charles.fr/WordPress3/wp-content/uploads/2023/11/PHOTO-2023-07-02-14-50-02.jpg 1512w" sizes="auto, (max-width: 587px) 100vw, 587px" /></a>Les servants de chœur de Saint-Charles sont encadrés par deux prêtres des Missionnaires de la Miséricorde Divine.</p>
<p style="text-align: justify;">Tout garçon de plus de 7 ans ayant fait sa première communion peut devenir enfant de chœur, et contribuer ainsi à la beauté de la liturgie.</p>
<p style="text-align: justify;">Servir la messe permet une participation active, non seulement par les gestes posés, mais également parce que dans le chœur le garçon est au plus proche du mystère, et peut ainsi davantage y porter son attention. En outre, en servant la messe dignement, l’enfant contribue à l’assistance recueillie des fidèles et à une meilleure compréhension de l’action liturgique. Enfin, le service de messe fait-il mûrir le désir de devenir un saint et favorise-t-il la découverte d’une vocation à servir le Christ.</p>
<p style="text-align: justify;">Pour cela, les temps de formation sont nécessaires. C’est pourquoi des répétitions d’une heure ont lieu à raison d’une fois par mois environ, le samedi après-midi. Des sorties à portée ludique sont organisées chaque trimestre afin de favoriser la cohésion du groupe. Il est demandé à chaque servant d’arriver le dimanche pour la grand-messe au minimum un quart d’heure avant le début, afin de se préparer convenablement aussi bien matériellement que spirituellement.</p>
<p style="text-align: justify;">Contact :<br />
Abbé Eloi Gillet &#8211; 06 74 65 73 51</p>

<p>Les servants de chœur de Saint-Charles sont encadrés par deux prêtres des Missionnaires de la Miséricorde Divine. Tout garçon de plus de 7 ans ayant fait sa première communion peut devenir enfant de chœur, et contribuer ainsi à la beauté&#8230;<br /><a class="read-more-button" href="https://paroisse-saint-charles.fr/WordPress3/service-de-l-autel/">Savoir plus</a></p>
