{"id":81,"date":"2014-08-20T20:25:08","date_gmt":"2014-08-20T20:25:08","guid":{"rendered":"http:\/\/www.paroisse-saint-charles.fr\/?page_id=81"},"modified":"2014-09-18T19:20:28","modified_gmt":"2014-09-18T19:20:28","slug":"domus-christiani","status":"publish","type":"page","link":"https:\/\/paroisse-saint-charles.fr\/WordPress3\/domus-christiani\/","title":{"rendered":"Domus Christiani"},"content":{"rendered":"<p style=\"text-align: justify;\">Domus Christiani : des groupes de foyers qui oeuvrent pour <span style=\"color: #333399;\"><strong>la sanctification du mariage<\/strong><\/span> par :<\/p>\n<h4 style=\"text-align: justify;\"><span style=\"color: #333399;\">L&rsquo;approfondissement de la vie int\u00e9rieure<\/span><\/h4>\n<ul style=\"text-align: justify;\">\n<li>Par une vie de pri\u00e8re et une vie sacramentelle plus soutenues, gr\u00e2ce \u00e0 la fid\u00e9lit\u00e9 \u00e0 une r\u00e8gle et \u00e0 l&rsquo;encouragement mutuel au sein du groupe de foyers ;<\/li>\n<li>Par l&rsquo;\u00e9tude de la doctrine et de ses applications pour d\u00e9velopper en nous la connaissance et l&rsquo;amour de Dieu et nous aider \u00e0 Le faire conna\u00eetre et aimer ;<\/li>\n<li>Par la d\u00e9votion \u00e0 la Tr\u00e8s Sainte Vierge Marie, Reine de la famille, et la cons\u00e9cration des groupes et des foyers aux C\u0153urs de J\u00e9sus et de Marie.<\/li>\n<\/ul>\n<p style=\"text-align: justify;\"><em>\u00ab Celui qui demeure en moi et en qui Je demeure, celui-l\u00e0 porte beaucoup de fruits \u00bb (St Jean, XV, 3)<\/em><\/p>\n<h4 style=\"text-align: justify;\"><span style=\"color: #333399;\">L&rsquo;entraide mutuelle et la charit\u00e9 fraternelle<\/span><\/h4>\n<p style=\"text-align: justify;\"><em>\u00ab Soyez de ceux qui s&rsquo;attachent au bien, qui s&rsquo;aiment entre eux d&rsquo;un amour fraternel, qui dans leur estime placent les autres avant eux \u00bb (Romains, XII, 9-10)<\/em><\/p>\n<h4 style=\"text-align: justify;\"><span style=\"color: #333399;\">L&rsquo;esprit missionnaire et le rayonnement<\/span><\/h4>\n<p style=\"text-align: justify;\"><em>\u00ab Ainsi devons-nous \u00eatre, en quelque fa\u00e7on, hommes apostoliques qui assumons la noble t\u00e2che de sanctifier autrui ; notre verbe \u00e0 nous, c&rsquo;est l&rsquo;esprit int\u00e9rieur que la Gr\u00e2ce a form\u00e9 en nos \u00e2mes. Que cet esprit donc vivifie toutes les manifestations de notre z\u00e8le. Que notre vie int\u00e9rieure constitue la tige remplie d&rsquo;une s\u00e8ve robuste dont nos oeuvres ne soient que l&rsquo;efflorescence \u00bb (Dom Chautard, L&rsquo;\u00e2me de tout apostolat)<\/em><\/p>\n<p style=\"text-align: justify;\">Cet esprit missionnaire doit se traduire par un d\u00e9veloppement du groupe.<br \/>\nDe la vie int\u00e9rieure, d\u00e9coule l&rsquo;engagement personnel et en groupe, dans la famille et dans la cit\u00e9.<\/p>\n<h4 style=\"text-align: justify;\"><span style=\"color: #333399;\">Fonctionnement<\/span><\/h4>\n<p style=\"text-align: justify;\">Concr\u00e8tement, les foyers se regroupent une fois par mois. Chaque foyer re\u00e7oit \u00e0 tour de r\u00f4le chez lui. Apr\u00e8s un temps de pri\u00e8re, un foyer du groupe est charg\u00e9 d\u2019un rappel sur un des points de la r\u00e8gle Domus Christiani ; un autre foyer est charg\u00e9 d&rsquo;un\u00a0topo sur le th\u00e8me de l\u2019ann\u00e9e. Et enfin, un repas suit pour prolonger le th\u00e8me trait\u00e9.<\/p>\n<p style=\"text-align: justify;\">Contact sur la paroisse Saint-Charles :<br \/>\nMarc et Jo\u00eblle RAFFAILHAC &#8211; m.rafdesf@hotmail.fr &#8211; 06 24 49 05 59<\/p>\n<p style=\"text-align: justify;\"><a href=\"http:\/\/www.domuschristiani.fr\" target=\"_blank\">www.domuschristiani.fr<\/a><\/p>\n","protected":false},"excerpt":{"rendered":"<p>Domus Christiani : des groupes de foyers qui oeuvrent pour la sanctification du mariage par : L&rsquo;approfondissement de la vie int\u00e9rieure Par une vie de pri\u00e8re et une vie sacramentelle plus soutenues, gr\u00e2ce \u00e0 la fid\u00e9lit\u00e9 \u00e0 une r\u00e8gle et&#8230;<br \/><a class=\"read-more-button\" href=\"https:\/\/paroisse-saint-charles.fr\/WordPress3\/domus-christiani\/\">Savoir plus<\/a><\/p>\n","protected":false},"author":2,"featured_media":0,"parent":0,"menu_order":0,"comment_status":"closed","ping_status":"open","template":"","meta":{"footnotes":""},"class_list":["post-81","page","type-page","status-publish","hentry"],"_links":{"self":[{"href":"https:\/\/paroisse-saint-charles.fr\/WordPress3\/wp-json\/wp\/v2\/pages\/81","targetHints":{"allow":["GET"]}}],"collection":[{"href":"https:\/\/paroisse-saint-charles.fr\/WordPress3\/wp-json\/wp\/v2\/pages"}],"about":[{"href":"https:\/\/paroisse-saint-charles.fr\/WordPress3\/wp-json\/wp\/v2\/types\/page"}],"author":[{"embeddable":true,"href":"https:\/\/paroisse-saint-charles.fr\/WordPress3\/wp-json\/wp\/v2\/users\/2"}],"replies":[{"embeddable":true,"href":"https:\/\/paroisse-saint-charles.fr\/WordPress3\/wp-json\/wp\/v2\/comments?post=81"}],"version-history":[{"count":6,"href":"https:\/\/paroisse-saint-charles.fr\/WordPress3\/wp-json\/wp\/v2\/pages\/81\/revisions"}],"predecessor-version":[{"id":230,"href":"https:\/\/paroisse-saint-charles.fr\/WordPress3\/wp-json\/wp\/v2\/pages\/81\/revisions\/230"}],"wp:attachment":[{"href":"https:\/\/paroisse-saint-charles.fr\/WordPress3\/wp-json\/wp\/v2\/media?parent=81"}],"curies":[{"name":"wp","href":"https:\/\/api.w.org\/{rel}","templated":true}]}}

<p style="text-align: justify;">Domus Christiani : des groupes de foyers qui oeuvrent pour <span style="color: #333399;"><strong>la sanctification du mariage</strong></span> par :</p>
<h4 style="text-align: justify;"><span style="color: #333399;">L&rsquo;approfondissement de la vie intérieure</span></h4>
<ul style="text-align: justify;">
<li>Par une vie de prière et une vie sacramentelle plus soutenues, grâce à la fidélité à une règle et à l&rsquo;encouragement mutuel au sein du groupe de foyers ;</li>
<li>Par l&rsquo;étude de la doctrine et de ses applications pour développer en nous la connaissance et l&rsquo;amour de Dieu et nous aider à Le faire connaître et aimer ;</li>
<li>Par la dévotion à la Très Sainte Vierge Marie, Reine de la famille, et la consécration des groupes et des foyers aux Cœurs de Jésus et de Marie.</li>
</ul>
<p style="text-align: justify;"><em>« Celui qui demeure en moi et en qui Je demeure, celui-là porte beaucoup de fruits » (St Jean, XV, 3)</em></p>
<h4 style="text-align: justify;"><span style="color: #333399;">L&rsquo;entraide mutuelle et la charité fraternelle</span></h4>
<p style="text-align: justify;"><em>« Soyez de ceux qui s&rsquo;attachent au bien, qui s&rsquo;aiment entre eux d&rsquo;un amour fraternel, qui dans leur estime placent les autres avant eux » (Romains, XII, 9-10)</em></p>
<h4 style="text-align: justify;"><span style="color: #333399;">L&rsquo;esprit missionnaire et le rayonnement</span></h4>
<p style="text-align: justify;"><em>« Ainsi devons-nous être, en quelque façon, hommes apostoliques qui assumons la noble tâche de sanctifier autrui ; notre verbe à nous, c&rsquo;est l&rsquo;esprit intérieur que la Grâce a formé en nos âmes. Que cet esprit donc vivifie toutes les manifestations de notre zèle. Que notre vie intérieure constitue la tige remplie d&rsquo;une sève robuste dont nos oeuvres ne soient que l&rsquo;efflorescence » (Dom Chautard, L&rsquo;âme de tout apostolat)</em></p>
<p style="text-align: justify;">Cet esprit missionnaire doit se traduire par un développement du groupe.<br />
De la vie intérieure, découle l&rsquo;engagement personnel et en groupe, dans la famille et dans la cité.</p>
<h4 style="text-align: justify;"><span style="color: #333399;">Fonctionnement</span></h4>
<p style="text-align: justify;">Concrètement, les foyers se regroupent une fois par mois. Chaque foyer reçoit à tour de rôle chez lui. Après un temps de prière, un foyer du groupe est chargé d’un rappel sur un des points de la règle Domus Christiani ; un autre foyer est chargé d&rsquo;un topo sur le thème de l’année. Et enfin, un repas suit pour prolonger le thème traité.</p>
<p style="text-align: justify;">Contact sur la paroisse Saint-Charles :<br />
Marc et Joëlle RAFFAILHAC &#8211; m.rafdesf@hotmail.fr &#8211; 06 24 49 05 59</p>
<p style="text-align: justify;"><a href="http://www.domuschristiani.fr" target="_blank">www.domuschristiani.fr</a></p>

<p>Domus Christiani : des groupes de foyers qui oeuvrent pour la sanctification du mariage par : L&rsquo;approfondissement de la vie intérieure Par une vie de prière et une vie sacramentelle plus soutenues, grâce à la fidélité à une règle et&#8230;<br /><a class="read-more-button" href="https://paroisse-saint-charles.fr/WordPress3/domus-christiani/">Savoir plus</a></p>
